hat is f(567)?
2
Let j(t) = -65*t**3 - 744*t**2 + 2234*t - 3. Calculate j(3).
-1752
Let a(y) = -140*y**3 - 51*y**2 + 25*y + 26. Give a(1).
-140
Let c(a) = -a**3 + 23*a**2 + 74*a - 1165. Determine c(24).
35
Let h(q) = -6*q**3 + 2567*q**2 + 718*q - 124115. Determine h(428).
5
Let c(r) = r**2 - 1276*r - 757197. Give c(1717).
0
Let a(u) = -23*u**3 - 595*u**2 + 85*u + 182. Calculate a(-26).
0
Let o(y) = -y**3 + 77*y**2 - 1473*y + 402. Give o(34).
28
Let r(p) = -9949*p - 686505. What is r(-69)?
-24
Let n(q) = -q**3 - 16*q**2 + 2*q + 566. Give n(0).
566
Let v(g) = 86455*g + 345827. Give v(-4).
7
Let p(d) = -13685*d + 68420. Give p(5).
-5
Let k(s) = s**3 + 13*s**2 - 1469*s + 248. Calculate k(32).
-680
Let w(t) = 4*t**3 - 14*t**2 - 437*t + 1713. What is w(4)?
-3
Let o(b) = 10*b**2 + 298*b - 219. Calculate o(-28).
-723
Let k(h) = -4*h**3 + 903*h**2 + 216*h + 1970. What is k(226)?
-290
Let o(r) = -1065*r - 588958. What is o(-553)?
-13
Let p(i) = -65931*i + 263546. Determine p(4).
-178
Let b(s) = -8*s**3 + 5*s**2 + 315*s - 2651. What is b(8)?
-3907
Let f(x) = x**3 - 61*x**2 + 311*x - 4725. Determine f(57).
6
Let o(q) = -56773*q + 3292834. Determine o(58).
0
Let g(z) = z**3 + 8*z**2 + 884*z + 9016. What is g(-10)?
-24
Let d(i) = 966*i**2 - 13473*i - 68. What is d(14)?
646
Let q(b) = 494*b - 12863. Determine q(26).
-19
Let u(y) = 2*y**3 - 279*y**2 - 13958*y - 1419. Determine u(-39).
-54
Let s(u) = -u**3 + 11*u**2 + 13510*u - 161921. Calculate s(12).
55
Let i(t) = t**2 + 9841*t + 3156985. Calculate i(-332).
-3
Let v(o) = -2*o**3 + 9*o**2 + 521*o - 1586. Calculate v(3).
4
Let t(a) = -4*a**2 + 90*a - 54. What is t(24)?
-198
Let i(p) = -2474*p - 2583. Give i(-1).
-109
Let w(a) = 4*a**3 + 3*a**2 + 1446*a - 2902. What is w(2)?
34
Let j(h) = 727*h + 1695. Determine j(-2).
241
Let j(n) = -n**2 + 1868*n + 125632. Give j(-65).
-13
Let h(w) = -2*w**2 - 31*w + 704. Determine h(-28).
4
Let y(h) = 8*h**2 - 768*h + 2236. What is y(3)?
4
Let r(h) = h**2 - 49*h - 17220. Give r(158).
2
Let j(l) = -1170*l**3 + l**2 + 18*l - 19. What is j(1)?
-1170
Let p(z) = 2363*z + 2363. What is p(-1)?
0
Let i(p) = -p - 72. What is i(84)?
-156
Let p(o) = -o**2 + 79*o + 2084. Calculate p(-19).
222
Let m(x) = -5*x**3 + 369*x**2 - 5169*x - 58. Determine m(55).
-3
Let p(j) = -241*j - 112192. Determine p(-465).
-127
Let c(h) = h**3 + 243*h**2 + 957*h + 1132. Calculate c(-239).
893
Let j(v) = 4*v**2 + 180*v - 7381. What is j(-71)?
3
Let q(x) = x**3 - 176*x**2 + 7745*x - 104. Give q(89).
74
Let i(l) = 4*l**2 + 463*l - 12474. Give i(25).
1601
Let t(w) = 238*w + 6386. Give t(-27).
-40
Let h(i) = -6*i**2 - 240*i - 358. Calculate h(-39).
-124
Let x(j) = -7009*j - 3034911. Calculate x(-433).
-14
Let t(l) = -131204*l - 393611. What is t(-3)?
1
Let j(d) = d**3 - 35*d**2 - d + 44. Give j(35).
9
Let j(n) = -194*n + 5936. Determine j(25).
1086
Let r(p) = p**3 + 215*p**2 - 1491*p + 13996. Calculate r(-222).
10
Let p(c) = -10*c**3 - 2463*c**2 - 448*c + 71335. Give p(-246).
-5
Let v(l) = 1479*l - 805. Calculate v(1).
674
Let h(f) = 73*f**2 - 150*f + 11. Determine h(2).
3
Let o(h) = h**3 + 1285*h**2 - 2710*h - 175022. What is o(-1287)?
10
Let b(h) = -4*h**2 - 374*h - 1767. What is b(-88)?
169
Let f(j) = 9*j**2 + 5766*j + 38041. Calculate f(-634).
1
Let m(a) = 10*a**2 + 546*a + 339. Give m(-50).
-1961
Let s(c) = -90*c**2 - 36*c + 22. Calculate s(-1).
-32
Let k(q) = -15*q**2 - 577*q + 498087. What is k(164)?
19
Let h(w) = w**3 - 89*w**2 + 454*w + 3333. Determine h(-4).
29
Let a(v) = -v**2 + 430*v - 40901. Calculate a(142).
-5
Let h(m) = m**3 + 93*m**2 + 460*m - 3315. Calculate h(4).
77
Let p(a) = -3*a**3 - 612*a**2 - 4740*a - 223. Calculate p(-8).
65
Let y(o) = -155077*o + 2481275. Give y(16).
43
Let z(y) = -2612*y - 9881. Determine z(-4).
567
Let p(g) = -42872*g - 600202. Give p(-14).
6
Let l(k) = k**3 - 10*k**2 - 3*k - 39. Give l(11).
49
Let v(i) = 1157618*i + 9260927. What is v(-8)?
-17
Let n(s) = -s**2 - 54*s + 2646. What is n(10)?
2006
Let v(f) = 4*f**3 + 647*f**2 - 179*f - 2680. Determine v(-162).
74
Let n(d) = d**3 + 12*d**2 + 55*d + 550. What is n(-12)?
-110
Let f(g) = -g**2 - 3*g + 6096. Give f(77).
-64
Let l(z) = 532*z - 23181. Give l(44).
227
Let w(k) = k**3 - 11*k**2 - 40205*k + 281626. Give w(7).
-5
Let o(q) = -q**3 + 119*q**2 - 3510*q - 145. What is o(64)?
495
Let n(u) = -686*u + 8973. Calculate n(18).
-3375
Let u(l) = 20*l**3 + 178*l**2 - 18*l - 50. What is u(-9)?
-50
Let a(p) = -128*p + 2443. What is a(32)?
-1653
Let r(u) = -9*u**2 - 2004*u - 1344. Calculate r(-222).
-12
Let h(m) = 1742*m - 26874. Determine h(15).
-744
Let j(g) = 11*g**2 + 440*g + 1207. Calculate j(-3).
-14
Let r(g) = -953293*g - 953290. Determine r(-1).
3
Let p(h) = -6*h**3 - 46*h**2 - 372*h - 331. Give p(-7).
2077
Let f(k) = -k**3 - 112*k**2 + 1352*k - 529. Calculate f(-123).
-406
Let y(a) = -a**3 + 41*a**2 + 65*a + 899. Calculate y(43).
-4
Let v(j) = -62*j**2 - 8060*j - 38. Calculate v(-130).
-38
Let f(n) = n**3 - 481*n**2 - 4778*n + 1. What is f(-10)?
-1319
Let p(a) = 19*a**2 + 14*a - 58. What is p(-2)?
-10
Let s(j) = -j**3 + 263*j**2 + 977*j - 47617. Calculate s(266).
-3
Let z(g) = -g**3 + 320*g**2 - 1271*g - 1801. What is z(316)?
-4013
Let i(t) = -5886*t - 29665. What is i(-5)?
-235
Let s(y) = y**3 + 310*y**2 + 23627*y + 269. Determine s(-135).
-1
Let c(v) = -v**2 + 502*v + 121009. What is c(-178)?
-31
Let b(m) = 2*m**3 + 348*m**2 + 3892*m + 694. Calculate b(-162).
46
Let r(g) = 10*g**2 - 18203*g + 36400. Determine r(2).
34
Let m(q) = 195*q + 4764. Determine m(-28).
-696
Let i(d) = -5739*d + 797753. Determine i(139).
32
Let y(p) = -30609*p**2 - 275487*p + 32. Calculate y(-9).
86
Let k(w) = -w**3 - 114*w**2 - 232*w - 357. Calculate k(-112).
539
Let y(i) = -i**2 + 10*i - 164. Give y(25).
-539
Let s(q) = 25*q - 881. Determine s(5).
-756
Let h(a) = a**2 + 495*a - 88940. Give h(140).
-40
Let q(u) = -75861*u - 2958591. Give q(-39).
-12
Let p(j) = -6*j**2 - 135*j - 458. Calculate p(-4).
-14
Let g(y) = 4*y**2 - 139*y - 1788. Determine g(-8).
-420
Let s(r) = -956*r - 12320. Calculate s(-15).
2020
Let i(a) = a**3 + 396*a**2 + 2*a + 6. Determine i(0).
6
Let a(v) = -v**3 - 495*v**2 + 2838*v + 169030. Calculate a(-500).
30
Let j(k) = 23*k + 2292. Calculate j(-113).
-307
Let w(b) = -4748*b + 28487. What is w(6)?
-1
Let f(d) = 38*d**2 + 648*d - 2200. What is f(-20)?
40
Let t(q) = -3*q**3 + 195*q**2 - 29*q + 601. Give t(65).
-1284
Let m(q) = q**3 - 911*q**2 + 81101*q - 827. What is m(811)?
-16
Let i(l) = -129*l**2 + 46051*l + 694. Give i(357).
-20
Let r(y) = 348*y + 1561. Determine r(-1).
1213
Let j(y) = -39*y**3 + 6*y**2 - 11*y - 21. Give j(-3).
1119
Let j(d) = -217*d - 1657. Determine j(-9).
296
Let h(u) = 134*u**2 - 1047*u - 48. Give h(9).
1383
Let r(u) = -u**3 + 563*u**2 - 1866*u + 104162. Calculate r(560).
2
Let q(g) = -1690*g - 34005. What is q(-20)?
-205
Let v(h) = -3*h**3 - 137*h**2 - 85*h - 60. What is v(-45)?
-285
Let j(t) = t**3 - 103*t**2 - 98*t - 1036. Calculate j(104).
-412
Let v(i) = -2*i**3 - 322*i**2 - 347*i - 4308. Give v(-160).
12
Let k(x) = -x**3 + 7*x**2 - 13*x + 155. Calculate k(7).
64
Let p(j) = 2*j**3 - 2683*j**2 + 1776*j - 583357. Calculate p(1341).
-22
Let q(f) = -2*f**3 - 51*f**2 + 197*f + 4354. Give q(-26).
-92
Let r(v) = 2*v**3 - 234*v**2 - 5*v - 85. Calculate r(117).
-670
Let v(a) = -a**3 + 16*a**2 + 71*a - 996. What is v(13)?
434
Let h(s) = -67*s**2 - 48*s + 12. Give h(4).
-1252
Let f(s) = -s**3 - 130*s**2 - 3950*s - 1163. Calculate f(-82).
-15
Let a(m) = 4*m**2 - 150*m - 381. Give a(47).
1405
Let w(k) = 17*k**2 + 1793*k - 10420. Calculate w(-111).
14
Let f(w) = -w**3 - 56*w**2 - 190*w - 109. Determine f(-3).
-16
Let u(w) = -2574*w + 20927. Determine u(8).
335
Let i(y) = -18215*y - 327871. Calculate i(-18).
-1
Let z(v) = -42*v**2 - 1392*v - 23. Calculate z(-33).
175
Let i(d) = -d**3 - 24*d**2 - 44*d + 18. What is i(-6)?
-366
Let b(n) = -3*n**3 - 1602*n**2 - 9522*n - 105. What is b(-6)?
3
Let t(g) = 2480*g**2 + 104176*g + 672. What is t(-42)?
0
Let t(m) = m**2 - 252*m + 6045. What is t(29)?
-422
Let k(l) = 9*l**2 - 20332*l - 597207. What is k(-29)?
-10
Let a(l) = 3*l**3 + 2573*l**2 + 1551*l - 139694. Determine a(-857).
-3
Let j(i) = -46*i**2 + 356*i - 2120. Give j(6).
-1640
Let j(h) = 2*h**3 + h**2 - 256*h